 + -15)) + (-9 - -3).
-5
What is the value of -99 - (-84 + 7 + 4)?
-26
Calculate (-14 + 9 - -2) + 10 + 14 - (-6 + 13).
14
What is the value of (14 + 4 + -18 - 21) + -73 + 17?
-77
What is 79 - (98 - (-43 - -86))?
24
What is the value of 19 + 74 + (27 - (-39 - -76))?
83
51 + 0 + (8 - -16) + 4
79
Evaluate 86 - (110 + 65) - 31.
-120
What is -77 + (-29 - 5 - -37) - 41?
-115
What is the value of 26 + (-31 - (-20 + 0)) - (3 + 5)?
7
Calculate 0 + 2 + -2 + (-1 - -53 - (1336 - 1296)).
12
Calculate 1 - -78 - (-93 + 71 + 64).
37
What is (-1 - (99 - 1)) + (337 + -44 - 276)?
-82
(5 - 29) + -61 + (41 - 24)
-68
What is (-3 - (-2 - -29)) + (-1998 - -1999)?
-29
23 - 9 - (71 + (9 - 20))
-46
-52 + -78 + 158 - 117
-89
Evaluate (-113 - -1) + 347 + -309 + -22.
-96
-1396 + 1372 + (10 - (1 + 0 + -2)) + 115
102
What is the value of 67 + -158 + (-1 - -16 - 6)?
-82
What is the value of -45 + 40 - (-35 + -2 - -5)?
27
What is the value of -63 - (-4 + 2 + (-20 - -16) + (55 - 63))?
-49
What is (-13 - 4) + (33 - 28) + 38?
26
What is 28 + 82 + 59 + -219?
-50
Evaluate 8 + 0 + 26 + 63 + -78.
19
What is the value of -1 - ((-7 + -13 - 15) + (3 - -7 - -1))?
23
(-25 - -6) + 12 + -8 + 12 - (29 - -2)
-34
Evaluate ((27 - 12) + -11 - -25) + -11.
18
What is the value of -27 - (-18 - -5) - (-22 + -9 + 46)?
-29
What is (-15 - -10) + -49 + 31 - (0 - 44)?
21
(85 - (-4 - -9)) + (101 - 110)
71
-37 - (5 - (228 + -70))
116
Evaluate 17 - ((74 - 157) + 158).
-58
Evaluate -65 + -5 + -4 - (-7 + 1 - (-21 + 9)).
-80
Calculate -4 + 60 - ((41 - 15) + 2).
28
-22 - (-30 + 79 - 64)
-7
What is the value of (131 - (-1 - 0)) + -334 + 590 + -275?
113
What is the value of -2 - (-14 + 3) - (-40 + 56 + 0) - 38?
-45
Evaluate -73 + (-23 + 21 + -2 - -26).
-51
Calculate -7 + (388 - 377 - (0 + 0 + 0)).
4
What is the value of (34 - -6) + -49 - -12?
3
Calculate -47 - ((88 - 55) + -54).
-26
Calculate (7 - (-3 + 6)) + (3 - 4 - 3) + 12.
12
Calculate 0 - -11 - ((-21 - -18 - 17) + -12).
43
Calculate (102 - 31) + -4 + -39 + 44.
72
-7 + -7 - (14 + 0 - (0 - -69))
41
What is (-35 - -5) + (-46 - -34 - -35)?
-7
Calculate 3 + 4 + 5 + 77 - (-593 + 588).
94
(-98 - ((-30 - 3) + 18)) + -23 + 21
-85
(-6 - -35) + -6 - (-3 - (-21 + 11) - -3)
13
What is the value of 10 + (-14 - -19 - -22) + -119?
-82
What is 1 - (-2 - -140) - (43350 - 43370)?
-117
What is (-2418 - -2403) + (-51 - -2)?
-64
Calculate -1 - -2 - 26 - (2707 + -2718) - 19.
-33
Calculate (-52 - -39 - 12) + 75 + 4.
54
What is the value of -42 + (-122 - -132) + 79?
47
Calculate (-17 - 0) + (-4 + (3 - 7) - (-20 + 6)).
-11
What is (-6 - (164 - 192)) + -1 + -137?
-116
-10 + 2 + 25 + (59 - 69 - -6)
13
Evaluate (35 - (18 + -5) - 6) + -3.
13
13 - ((-4 - (-3 + 12)) + 0 + 14)
12
Calculate -17 + (-12 + 0 + 15 - -4 - 32).
-42
What is the value of (-3 - 0) + ((0 - 2) + 48 - (-402 - -423))?
22
(-116 - 9) + -5 + 68
-62
15 - (-5 + (-9 - -13) + -11 + -6)
33
Evaluate -858 + 881 + 2 + -53.
-28
Evaluate 8 - (2 - (17 - 16)) - 36 - 1.
-30
-105 - -86 - (-66 + -37 - (-9 - -2))
77
What is the value of -43 + 135 + -152 + 58?
-2
Evaluate (97 - (-45 + 164)) + (-1 - 42).
-65
Evaluate -47 + (-19 + (41 - 0) - 14).
-39
Evaluate (-1 - -1) + (-33 - (15 - 39)) + -20.
-29
What is the value of -12 + 34 - 14 - 1 - 4?
3
Calculate -9 - (-6 + 6 + 9) - (-129 + -6).
117
(14 - 1) + 20 + (-24 - -27) + -25
11
-27 + 27 + 0 - -20
20
Calculate -29 - ((5 - (40 - 22)) + -1) - (-1 - 30).
16
Calculate -34 + 40 + -57 + 83.
32
Calculate -37 - (32 - (-10 + 60)).
-19
(-2 - -2) + (-73 - -76) + 34
37
What is (0 - 18 - -4) + -12 + 14?
-12
Evaluate 7 + 24 + (3 - (14 - 5)).
25
(-763 - -772) + (2 - 1) + -15 - (-106 - 0)
101
Calculate (27 - (46 + 4)) + 80.
57
What is (23 - (-6 - -43 - (76 - 77))) + (31 - 2)?
14
What is (8 + -9 - (-2 - -9)) + 6 + (5 - 15)?
-12
Calculate -5957 + 6017 + (-1 - (1 + 10)).
48
Calculate -49 + -44 + 61 + 61.
29
Calculate -30 + 28 + 5 + (-1 - -3 - 3).
2
56 + (-110 - (-65 + 18))
-7
What is 8 + (7 - 36) - -12 - -40 - 9?
22
What is -24 + 9 + 10 - (-43 + (-30 - -15))?
53
What is 104 - 111 - (1 - 8 - 15)?
15
(-16 - 83) + 169 + -97
-27
Evaluate -75 + -11 + (-747 - -721).
-112
Calculate -1 + (-8 - (7 + 0 - (25 + -12))) + 39.
36
Evaluate -61 + 85 + (23 - 63).
-16
Calculate -1 - (2 + 14 + (-39 - -22)) - 41.
-41
What is 16 - (-22 - -43 - -20)?
-25
What is the value of -41 + -57 + 26 + 103?
31
Calculate -2 + 52 + 177 + -261.
-34
What is the value of -29 + -2 - (102 - (-175 + 367))?
59
Evaluate 13 - (-11 + 12 - (-1 + -25)).
-14
What is the value of -39 + 57 + -24 - (-2 - (-8 - -4))?
-8
Calculate 47 - -1 - (-305 - -300).
53
Evaluate -21 + -5 + 16 + -2 - (24 - (7 - 14)).
-43
What is -93 + (-56 + 93 - 12)?
-68
What is the value of -49 - ((-256 - -223) + -2 + 2)?
-16
Calculate (-22 - (-30 + 9)) + (8 - -2) + (-15 - -19).
13
Evaluate (-49 - (-104 - -49)) + 11 + -3 + -1.
13
Calculate -3 + 1 + 5 + 1 + (-3 - 39 - -35).
-3
What is the value of -4 - (-125 + 8 - -5) - (19 + -24 + 1)?
112
Evaluate 12 + 2 + (-20 - (7 - 20)) + -50.
-43
What is the value of -77 + -20 + (-11 - -20) - -3 - (16 + -2)?
-99
Calculate (157 - -16 - 194) + (-82 - 2).
-105
Evaluate -13 + 0 - (-12 + -24 + -43).
66
Evaluate -1 + 5 + -18 + (-18 + -32 - -1).
-63
Evaluate (11 - -3) + 18 + -15 - 0.
17
Calculate -113 - -121 - (-1 - 4) - (13 - 1).
1
-1110 + 1080 + (1 - -39) + 97
107
29 + 0 + (27 - 22) - 44
-10
Calculate -27 - (-115 + (80 - -8)).
0
What is (-12 - -26 - 198) + 83?
-101
What is the value of 27 + -61 + 62 + -8?
20
-62 + -35 - -75 - -65
43
Calculate 775 + -754 - (-10 + -2).
33
What is (-14 - (82 + (5 - 1))) + (27 - 50)?
-123
What is (35 - (-198 + 221)) + (0 - 2) + -8?
2
Evaluate 17 + 10 + (-31 - (9 - 11)).
-2
What is the value of 30 + -45 - ((-12 - -13) + 1 + 15)?
-32
Evaluate 142 + (-80 - -5) + -8.
59
23 - (-124 + 105 + (1 - 59))
100
What is -13 + 2 + (-63 + (-40 - -27) - 8)?
-95
Evaluate -142 + -40 - -130 - (-3 + -12).
-37
What is -120 + 0 - (23 - (6 + 14 - (33 - 23)))?
-133
Calculate -4 - (-41 - (-10 + -55)).
-28
Calculate 45 - (-5 + 15 + 3 + -10) - 3.
39
427 - 577 - (1 - 79)
-72
What is the value of (13 + -12 + 25 - 55) + 30?
1
-33 + 41 + -63 + 36
-19
Evaluate (155 - 427) + 264 - (80 + 1).
-89
-21 + 87 + -38 + 7
35
-63 - -2 - (2386 - 2500)
53
What is the value of (-55 - (-154 - -46)) + -6?
47
Evaluate 38 + -114 + 53 - (1 + 3).
-27
What is 16 + (-76 - -40) + 1?
-19
What is the value of -2 - -5 - (11 + -6 + -2) - 34?
-34
What is -1 + -1 + (53 - (57 - -19)) - (-2 - -5)?
-28
What is 36 - (13 + 64 + -69 + (2 - 4 - 0))?
30
(-58 - 2 - (22 + -37)) + 18 - (8 - 2)
-33
Evaluate (7 + -1 - (60 - 51)) + -15 + -1.
-19
Calculate (-8 + 5 - 3) + (-40 - -28) - (0 + 0).
-18
Calculate 19 - (1 - 3) - (329 + -281).
-27
Evaluate 20 + (-133 - (3 - -12) - (-7 + -3)).
-118
What is 35 + (-87 - (-2 + -87))?
37
Evaluate -6 + 11 + (-100 - (4 - 18)).
-81
Evaluate (38 - (44 - -178)) + 21 - -19.
-144
What is the value of -8 + -1 - 2 - 0 - (140 + (-284 - -136))?
-3
What is the value of 39 + -20 + 3 + -8 + 51?
65
What is the value of 41 - (-6 - 14 - (99 - 97))?
63
Calculate 19 - (36 + -11 + 8).
-14
Evaluate 3 - (-80 + 105) - (2 - -15).
-39
What is the value of (-4 - (-9 - -5) - -8) + -6 + 29 + -11?
20
39 + -8 + (-2 + 21 - 8)
42
Evaluate -4 + -73 + 51 + 38.
12
Calculate -4 + (18 - 4) + 7 + -33 + (-5 - -11).
-10
Evaluate -20 + (-1 - -3 - (-27 - -19)) - -23.
13
(-8 - 2 - ((-8 - -7) + -20)) + 29
40
Evaluate (-138800 - -138775) + (-1 + 3 - (-2 + 54)).
-75
What is the value of 15 - 9 - ((-8 - 0) + -23 + -2)?
39
Evaluate 10 + (-30 - (42 - 38)).
-24
-109 + (80 - -3) - -15
-11
What is (14 - -1) + (10 - -27) + -31 + (-5 - -15)?
31
Calculate 17 + -5 + 27 + -12 - -46.
73
What is the value of 7 - (-17 - -7 - -3) - 5 - (-46 - -3)?
52
Calculate -32 - (-55 + -21 - -18).
26
34 + -70 - -26 - (3 - 55)
42
What is -4 + -35 + (-4 - (2 + -8 + -9))?
-28
Calculate -46 + (24 - -20) + 33.
31
-5 + (52 - 2) - ((-21 - -6) + 25)
35
Calculate (1091 - 1092) + (0 + 1 - -14) - 27.
-13
What is 27 + (-33 + -28 + 36 - -66)?
68
Evaluate -33 - ((22 - 8) + (-11 - -38)).
-74
Evaluate 92 + -2 + 4 + (26 - 6 - (98 - 84)).
100
4 + 6 - (167 + -93 + -203)
139
What is the value of (18 - (13 + -6 + -7)) + 25?
43
What is -11 - ((11 - 37) + 9) - -32?
38
What is (38 - -3 - 29 - 112) + -21?
-121
What is the value of (-5 + -1 - (0 + -3)) + -47 + 2